rime factors of p(-1)?
2, 3, 11, 31
Suppose 0 = 34*k - 36*k + 2322. Let q = 491 + k. What are the prime factors of q?
2, 7, 59
Let b(g) = -5*g**2 - g - 8. Let o(m) = 9*m**2 + 17. Let r(i) = 7*b(i) + 4*o(i). List the prime factors of r(6).
2, 3
List the prime factors of 6/63 - (3181000/42)/(-20).
7, 541
Suppose -161*g + 189*g - 30744 = 0. List the prime factors of g.
2, 3, 61
Let s(o) = 53*o**2 + 60*o + 14. Let v = 688 - 683. What are the prime factors of s(v)?
11, 149
Suppose 284*x - 285*x = -15. Suppose -x*y + 759 = -966. What are the prime factors of y?
5, 23
Let u be (981/4)/(44/(-528)) + 1. Let m = -1125 - u. What are the prime factors of m?
23, 79
Let u be ((-39)/52)/((-2)/(-4768)). What are the prime factors of (u/21)/(2/(-7))?
2, 149
Let n = 15135 - -24448. What are the prime factors of n?
23, 1721
Let d = -28 - -22. What are the prime factors of 21/2*(28 + d)?
3, 7, 11
List the prime factors of 2/(((-928)/460 + 2)*(-5)/164).
2, 23, 41
What are the prime factors of (224/(-42) - -19)*3093?
41, 1031
What are the prime factors of -4 + (-105)/(-25) - (3 + 469794/(-30))?
3, 17, 307
Suppose -122*r = -126*r + 3852. Let a = r + -643. What are the prime factors of a?
2, 5
What are the prime factors of -9 + -2 - -6 - (-2855 + 3)?
3, 13, 73
Suppose -5*b + 4*z + 10980 = -0*b, -2*b = -2*z - 4390. Suppose 5*p = -20, -4*p + 8*p + b = 4*d. What are the prime factors of d?
2, 3, 7, 13
Let b(w) = 34*w**3 - 24*w**2 - 19*w - 35. List the prime factors of b(8).
5, 3137
Suppose 22*h - 29580 = 40732. List the prime factors of h.
2, 17, 47
Suppose 14999 = 2*r - 9733. Suppose 6514 = 16*b - r. List the prime factors of 3/(-9) + b/12.
2, 7
Suppose -3*o + 5*o + 54 = 0. Let j = o - -38. Suppose -j*k - 450 = -14*k. List the prime factors of k.
2, 3, 5
Let b be 7/21 + 1195/15. Suppose b*o - 594 = 78*o. What are the prime factors of o?
3, 11
Suppose 191*i + 5*b = 196*i - 42850, -2*b = -4*i + 34278. What are the prime factors of i?
11, 19, 41
Suppose 462*p - 467*p = -2*w - 77890, -10 = 2*w. List the prime factors of p.
2, 3, 11, 59
Suppose -3*y - 126 = -6*y. Let w = -38 + y. Suppose 7*z - 4*d = w*z + 139, -5*d + 220 = 5*z. What are the prime factors of z?
3, 5
Let p(l) be the second derivative of -13*l**5/10 - l**4/4 + 2*l**2 - 115*l. List the prime factors of p(-2).
2, 5
Let j(w) = -w**2 + 13*w - 21. Let y be j(6). Suppose -y*x - x = -9900. What are the prime factors of x?
2, 3, 5
Let d be 265 + 2 + -1 + -1. Let y be (-407)/(-77) + ((-231)/(-49) - 5). Suppose -8*z + 94 = 2*u - 4*z, -d = -y*u - 4*z. What are the prime factors of u?
3, 19
Let q = 2466 + 7055. What are the prime factors of q?
9521
Suppose -13*m = -15*m - 4*k - 2686, 0 = -3*m + 4*k - 4059. Let f = -201 - m. What are the prime factors of f?
2, 7, 41
Suppose -20655 = -3*l - 3*f, -19*l + 20*l + 3*f = 6885. List the prime factors of l.
3, 5, 17
Let o(l) = 1961*l + 331. What are the prime factors of o(2)?
4253
Suppose 0 = -3*j + 29 - 8. Suppose j*t = -0*t + 2485. List the prime factors of t.
5, 71
Suppose 19*i = -22*i - 27*i + 254592. What are the prime factors of i?
2, 3, 13
Let y(k) = 4898*k + 432. What are the prime factors of y(13)?
2, 7, 19, 241
Suppose 0 = -7*b + 9*b - 8*b + 169194. List the prime factors of b.
163, 173
Let x(j) = 29*j - 4. Let h be x(-2). Let f = 122 + h. Suppose -4*o = -236 - f. List the prime factors of o.
2, 37
Suppose -p + 19 = 4*x - 0*x, -3*p = 2*x - 7. Let v be p - (4 - (2 + 5)). Suppose 2*u - 372 = -2*l - 52, 5*l = v*u + 807. List the prime factors of l.
7, 23
Suppose 32*r + 9 = 33*r. Let t(d) = 3*d**2 - 9*d - 4. What are the prime factors of t(r)?
2, 79
Suppose 0 = -7*r + 2*r - 5. Let c be 3 + (3 - (r - -4)). Suppose 4*n = c*l - 84 - 158, -310 = -4*l - n. What are the prime factors of l?
2, 3, 13
Let k(t) = -13*t + 19. Let p be k(12). Let h = -130 - p. List the prime factors of 7/(-1)*(-242)/h.
2, 11
Suppose -6*x + 2*n = 5*n - 4944, -4*n = 0. List the prime factors of x.
2, 103
Suppose -2*l = 8*l - 4850. Suppose 0 = -4*i + k + l, -4*i + i + 368 = -5*k. What are the prime factors of i?
11
Let b be -5 + (-53)/(-11) - (-48)/22. Let t be 3*((-40)/48)/(b/(-28)). What are the prime factors of 7/(t/1130) + 0?
2, 113
What are the prime factors of (-4 + -1 - -1237)/((-1)/10*-5)?
2, 7, 11
Let y be (-38)/(-285) - (-28)/15. Suppose 3560 = 7*i - 5*i + 4*v, 0 = -y*i + v + 3555. What are the prime factors of i?
2, 7, 127
Suppose -84 = 28*x, -5*r - 5*x + 17922 + 41078 = 0. What are the prime factors of r?
11, 29, 37
Let a = -997 + 1012. Suppose a*z - 24554 = -3284. What are the prime factors of z?
2, 709
Suppose 125*m + 14 = 132*m. Suppose k = -0*k + 4*w + 450, -2*k - m*w + 900 = 0. What are the prime factors of k?
2, 3, 5
Let m(d) = -9*d + 71. Let s(y) = -y**3 - 19*y**2 - 32*y + 41. Let f be s(-17). What are the prime factors of m(f)?
2
Let q be (-3)/12*(1 - 1). Suppose -2*u = w + 7, -16*w + 11*w + 10 = u. Suppose -l + 3 = -4*l, w*m - 4*l - 10 = q. What are the prime factors of m?
2
Suppose 3*z = 18 - 3. Suppose -176 = -4*s + 3*b, z*s - 222 = 4*b - 3. Let q = -17 + s. What are the prime factors of q?
2, 3, 5
Let z be (-752)/10 - 6*(-16)/480. Let k be (-41)/((4/2)/2). Let a = k - z. List the prime factors of a.
2, 17
What are the prime factors of (-2 + 2 - -1)/(-10 + 276610/27660)?
2, 3, 461
Let u = 10686 + -7150. Let h = -24 - -24. List the prime factors of u/24 - (6/(-9) - h).
2, 37
Let j = 4852 - 1613. What are the prime factors of j?
41, 79
Suppose -36*l + 32*l - 4*n + 215080 = 0, -5*l = n - 268858. What are the prime factors of l?
2, 3, 4481
Suppose -2823102 = -120*d + 13*d - 35*d. What are the prime factors of d?
3, 47
Let x = 64 - 62. List the prime factors of x/(-14) + (-1476)/(-42).
5, 7
Let q = 565 - 415. What are the prime factors of (4/(-4)*-1 + q)*9?
3, 151
Let m(h) = -41 + 37 + 25 + 15*h + 15*h**2. What are the prime factors of m(-6)?
3, 157
Suppose -4*o + 35524 = -2*w, 0 = -56*o + 60*o - 5*w - 35512. What are the prime factors of o?
3, 7, 47
What are the prime factors of 19/(-114)*2002*-33?
7, 11, 13
Let r(g) = -g**3 - g**2 - g + 1. Let h(k) = -6*k**2 - 839*k**3 + 830*k**3 - 5*k - 3*k**2 - 2*k. Let l(d) = h(d) - 4*r(d). List the prime factors of l(-4).
2, 31
Let r(x) be the third derivative of x**6/120 + 7*x**5/20 - 4*x**4/3 - 15*x**3/2 + 7*x**2. Let f be r(-22). Let s = -22 + f. What are the prime factors of s?
3, 17
Suppose -89765 = -45*b - 6335. Let y = b - 391. List the prime factors of y.
7, 11, 19
Let g(v) = 9212*v**2 - 90*v - 190. What are the prime factors of g(-2)?
2, 113, 163
Let m be (798/(-28))/((-9)/(-126)*7). Let b(u) = 5*u**3 + u**2 + 2*u + 1. Let f be b(-3). Let z = m - f. List the prime factors of z.
2, 37
Let w(s) = 18*s**2 - 4. Let b be w(-2). Let j = b - 17. What are the prime factors of ((-98)/(-3))/(34/j)?
7
Suppose -5*h - 5*k + 42630 = 0, -5*k = 2*h - 3601 - 13430. What are the prime factors of h?
7, 23, 53
Let v = 494 - 484. Let f(y) = 4*y**3 - 36*y**2 - 5*y - 24. List the prime factors of f(v).
2, 163
Let d(p) = p**3 + 9*p**2 + 17*p + 12. Let f be d(-8). Let q be 2/(-3)*(-33)/44*186. Let l = f + q. What are the prime factors of l?
3, 11
Let v(m) = 207*m - 1863 + 159*m + 3708 - 1857. List the prime factors of v(5).
2, 3, 101
Let r(q) = 385*q - 242. Let h be r(14). List the prime factors of h/18 - 7/(21/(-6)).
2, 3
Suppose -2*i + b = 3*i - 23, 4*i = 2*b + 16. Suppose 2667 = 4*j + i*v, 666 = -0*j + j + v. List the prime factors of j.
3, 13, 17
Suppose 62*k - 64*k = -4. Suppose 0 = -v + k*n + 134, -n = v - 2*n - 129. What are the prime factors of v?
2, 31
Let b(z) = -67*z**3 + 2*z**2 + 2*z + 1. Let d be b(-1). Suppose -584*j + 4 = -588*j - 0. What are the prime factors of ((-493)/d)/(j/24)?
2, 3, 29
Let c = 1116 - 661. Suppose -15*i + 55 + c = 0. List the prime factors of i.
2, 17
Let r = 1115 - -190. List the prime factors of r.
3, 5, 29
Let n be (-30)/(((-45)/10)/(-3)). Let f be ((-2)/10)/(2/n). Suppose f*m + 17 - 117 = 4*t, -m + 52 = -4*t. What are the prime factors of m?
2, 3
Let i(s) be the first derivative of -11*s**2/2 - 21*s + 3. Let h be i(-9). Let x = 127 - h. What are the prime factors of x?
7
Suppose 7*i = 10*i - 8*i. Suppose i = o + 2*o + g - 1291, 2*o - 2*g = 858. Let t = o + -287. List the prime factors of t.
11, 13
Let n(c) = 73*c + 39. L